35?
-241340543
In base 15, what is -72e11439 - -5?
-72e11434
In base 13, what is -652 + -43b?
-a90
In base 11, what is -183 - 47a4?
-4977
In base 12, what is -8b1 - -4bbb?
430a
In base 7, what is -5 + 5262655612?
5262655604
In base 13, what is -931177 - -2?
-931175
In base 11, what is -615 + 53171?
52657
In base 6, what is -124 - 3522410?
-3522534
In base 4, what is 11322123233 + 100?
11322123333
In base 11, what is 28a3a45a - -1?
28a3a460
In base 5, what is 233 + 1024402?
1030140
In base 9, what is -63854 - 713?
-64667
In base 6, what is 11300501321 - 4?
11300501313
In base 8, what is 2 - -2126213724?
2126213726
In base 3, what is 220020102122 + 20?
220020102212
In base 9, what is 6317 + 4850?
12267
In base 9, what is -87 - -363070?
362872
In base 13, what is 4 + -448a2a?
-448a26
In base 11, what is -3844 + -a173?
-12a07
In base 11, what is 3847 - 9842?
-5aa6
In base 6, what is -5 - -35014353115?
35014353110
In base 11, what is 0 - 73974700?
-73974700
In base 11, what is 2055 + -1808?
348
In base 2, what is 0 + -1000001001000001101110?
-1000001001000001101110
In base 15, what is -c68ba2 + -5?
-c68ba7
In base 5, what is 31 - -113240224?
113240310
In base 9, what is -54135736 + 2?
-54135734
In base 9, what is -608415101 - -5?
-608415085
In base 2, what is 1000110110 - 11101001011000000?
-11101000010001010
In base 8, what is -2 - -20043033?
20043031
In base 4, what is 20131011 - -11310?
20202321
In base 7, what is 4510246 - 2?
4510244
In base 4, what is 1322320133232 - 0?
1322320133232
In base 8, what is 1140 - 22343?
-21203
In base 9, what is -1180 + -8473?
-10663
In base 9, what is -4 + 8432076?
8432072
In base 4, what is -123003101 + -132232?
-123201333
In base 16, what is -daac3d + -6?
-daac43
In base 8, what is -62241342 + -1?
-62241343
In base 10, what is 1227 + 21289?
22516
In base 15, what is -4684c2 - 6?
-4684c8
In base 4, what is 3 - -130223303010?
130223303013
In base 11, what is -2 + -395235a?
-3952361
In base 14, what is 12d697 - -3d?
12d6d6
In base 9, what is 13287 - -36?
13334
In base 4, what is 3020 + -30120001121?
-30113332101
In base 9, what is -2616044 - 2?
-2616046
In base 15, what is -4b72 + 836?
-433b
In base 11, what is -3a1389 - 0?
-3a1389
In base 15, what is -e + 2d61b1?
2d61a2
In base 14, what is -3 + -bc23cd?
-bc23d2
In base 3, what is 102222211211 + 100112112?
110100101100
In base 4, what is -1 + -221331331320?
-221331331321
In base 3, what is -1012101200 + 2201210?
-1002122220
In base 5, what is 114432 + 1121110?
1241042
In base 9, what is 157267003 - 3?
157267000
In base 8, what is -127427 - 4010?
-133437
In base 6, what is -130303314 + -35?
-130303353
In base 16, what is 4 + -6f86771?
-6f8676d
In base 7, what is 46065416 + -5?
46065411
In base 5, what is 40211323 + 1233?
40213111
In base 16, what is 104b645 + -2?
104b643
In base 10, what is 2966 + 151975?
154941
In base 7, what is -61616 + -36?
-61655
In base 14, what is 9378 - -17b?
9515
In base 11, what is -a697a9 - -1a?
-a6978a
In base 9, what is 318 - 1263012?
-1262583
In base 8, what is -13433 + -15605?
-31240
In base 14, what is -a3c4 + -1345?
-b729
In base 2, what is 11100011000 + 10011101110?
110000000110
In base 7, what is 23001 + 3163?
26164
In base 10, what is 455995 + 12?
456007
In base 4, what is 23 - -13131022022?
13131022111
In base 9, what is -1036245 - 11?
-1036256
In base 10, what is 115 + -225659?
-225544
In base 7, what is -20113106115 - -3?
-20113106112
In base 9, what is 123502257 - 15?
123502242
In base 5, what is 0 + -1003303423141?
-1003303423141
In base 13, what is -149a2c - 3?
-149a32
In base 13, what is 371b8 - -38?
37223
In base 7, what is 1 + -1114341554?
-1114341553
In base 13, what is 753732 - -b?
753740
In base 10, what is 5544406 - 5?
5544401
In base 12, what is -5a2 + -76511?
-76ab3
In base 9, what is -2337 + -462611?
-465048
In base 9, what is -5088871 + -8?
-5088880
In base 9, what is 2153184 - -22?
2153216
In base 10, what is -2767527 + 6?
-2767521
In base 7, what is 16105 + 4165?
23303
In base 15, what is -11894ce9 + 5?
-11894ce4
In base 9, what is 742 - 150625?
-148773
In base 7, what is -13200 - 265?
-13465
In base 5, what is -43 - 401413020?
-401413113
In base 14, what is 3d946cd4 - 0?
3d946cd4
In base 14, what is 7727509 - -1?
772750a
In base 13, what is abcb - -6b3?
b5b1
In base 15, what is -1edb6 - -53?
-1ed63
In base 5, what is 1134011141 - 33?
1134011103
In base 10, what is 5 - 6299888?
-6299883
In base 10, what is 29094859 - 2?
29094857
In base 4, what is 1 + 302013333?
302020000
In base 13, what is -4ab162 + -2?
-4ab164
In base 6, what is 211143 - -24343?
235530
In base 16, what is f5a - -8ab?
1805
In base 2, what is -10 - -10000110011000011001001101100?
10000110011000011001001101010
In base 12, what is 124 + -473871?
-473749
In base 4, what is -10 - 32002211303?
-32002211313
In base 15, what is -29b + 3cb93?
3c8e7
In base 2, what is 101011111011100100011001010 - 110?
101011111011100100011000100
In base 14, what is 3acc9266 - 2?
3acc9264
In base 6, what is -3 + -1153530044?
-1153530051
In base 15, what is 236 - 7b9e2?
-7b7ab
In base 13, what is 335c93 - -10?
335ca3
In base 15, what is 4 - 5371ed3?
-5371ece
In base 2, what is -1000010110111111101 - -110000100?
-1000010110001111001
In base 6, what is 55331 - 4225?
51102
In base 6, what is -110213 - 1315?
-111532
In base 12, what is a261b71 - -9?
a261b7a
In base 4, what is -31331 - 1200011?
-1232002
In base 4, what is -11200321233 - -33?
-11200321200
In base 15, what is 2407ba26 - -3?
2407ba29
In base 15, what is -19bb - 115b?
-2b27
In base 3, what is 2111 - 211012121001222?
-211012120222111
In base 10, what is 3 - 1985280?
-1985277
In base 14, what is -63 - -942c7?
94264
In base 14, what is -140272533 + 3?
-140272530
In base 13, what is -1b52 + -1900?
-3752
In base 2, what is -101110101010 + -1001011101100001101?
-1001100011010110111
In base 16, what is 48 + -99c3a5?
-99c35d
In base 13, what is 1 - -3b7c86b?
3b7c86c
In base 13, what is 278254 - 70?
2781b4
In base 6, what is -1302114 + -4031?
-1310145
In base 11, what is -584181a + -4?
-5841823
In base 3, what is 20202220 - -20011002212?
20101212202
In base 13, what is -4 + 160c3113?
160c310c
In base 14, what is 1 - -32db94?
32db95
In base 13, what is -9c8 - -21944c?
218754
In base 11, what is 628 + -1a8442?
-1a7915
In base 14, what is -1910 + -13bd?
-2ccd
In base 4, what is -2 + -2023303323311?
-2023303323313
In base 12, what is 268a27 - 5?
268a22
In base 4, what is 3220 + 1013232311?
1013302131
In base 13, what is 11211110 + 0?
11211110
In base 4, what is -120122100311 + -131?
-120122101102
In base 3, what is 1001 + 21000100020?
21000101021
In base 8, what is -52 - -204711?
204637
In base 16, what is 1 + -12d9be?
-12d9bd
In base 2, what is 111101000110101100100000011 + -1?
111101000110101100100000010
In base 14, what is 1 + -36a8bc?
-36a8bb
In base 11, what is 17 + -233074aa?
-23307493
In base 14, what is -8a + 50dc9?
50d3d
In base 10, what is -7 - 45839813?
-45839820
In base 14, what is -c62d3 + 19?
-c62b8
In base 4, what is 1032200130 - 1123?
1032133001
In base 10, what is 105276063 - 4?
105276059
In base 15, what is -5 + -229701d?
-2297023
In base 11, what is 1750 + -135a?
3a1
In base 15, what is 122d9 - 89d?
1193b
In base 2, what is -101101001010001111100 + -110?
-101101001010010000010
In base 16, what is -2 - -8e021b8?
8e021b6
In base 2, what is -110011100000011000 + -1011?
-110011100000100011
In base 5, what is 1202101404 + 203?
1202102112
In base 13, what is 554ca3 - -4?
554ca7
In base 15, what is 5e7 - -9448d?
94a85
In base 15, what is -5078 - 27c3?
-784b
In base 5, what is -213400231 - -3121?
-213342110
In base 2, what is 111 + 1001110110111000111011001?
1001110110111000111100000
In base 11, what is -72 + 4a6a9?
4a637
In base 13, what is bb5 + 4a51?
5936
In base 4, what is -12211 - 101121312?
-101200123
In base 9, what is 14012 + 823?
14835
In base 9, what is 107202 + 0?
107202
In base 9, what is -404 + 783106?
782602
In base 3, what is -1 + 101212100222?
101212100221
In base 13, what is -6984882 - 0?
-6984882
In base 3, what is -2211 + -12220220020?
-12221000001
In base 16, what is -c74b2c - -c?
-c74b20
In base 3, what is 22 - -211001212111121?
211001212111220
In base 4, what is 2 + 232021221103?
232021